{"id":20,"date":"2013-07-09T08:08:36","date_gmt":"2013-07-09T07:08:36","guid":{"rendered":"http:\/\/societe-etudes-draguignan.com\/web\/?page_id=20"},"modified":"2025-08-01T15:32:58","modified_gmt":"2025-08-01T14:32:58","slug":"conferences","status":"publish","type":"page","link":"https:\/\/societe-etudes-draguignan.com\/?page_id=20","title":{"rendered":"Conf\u00e9rences"},"content":{"rendered":"<p><strong>Soci\u00e9t\u00e9 d\u2019\u00c9tudes Scientifiques et Arch\u00e9ologiques de Draguignan et du Var<\/strong><\/p>\n<p>21 All\u00e9es d\u2019Az\u00e9mar 83300 Draguignan<\/p>\n<p><strong>Messagerie : <\/strong><a href=\"mailto:societudesdraguignan@wanadoo.frSite\">societudesdraguignan@gmail.com <strong>Site <\/strong><\/a><strong>: <\/strong><a href=\"http:\/\/www.societe-etudes-draguignan.com\/\">www.societe-etudes-draguignan.com<\/a><\/p>\n<p><strong>T\u00e9l\u00e9phone : 04 94 68 38 32<\/strong><\/p>\n<p><strong>Programme des conf\u00e9rences 2025-2026<\/strong><\/p>\n<p><strong>Jeudi 18 septembre 2025 \u00e0 18 heures :<\/strong> \u00ab: \u00ab Lancement des Journ\u00e9es Europ\u00e9ennes du <em>Patrimoine des 20 et 21 septembre 2025 : pr\u00e9sentation du Bulletin ann\u00e9e 2025, tome LXI n.s. \u00bb. \u00bb<\/em><\/p>\n<p><strong><em>.<\/em>Mercredi 08 octobre 2025 :<\/strong> <em>\u00ab Visites des Pr\u00e9sidents de la R\u00e9publique Fran\u00e7aise \u00e0 Draguignan \u00bb par Jean-Daniel Santoni, conseiller municipal \u00e0 Draguignan.<\/em><\/p>\n<p><strong>Mercredi 29 octobre 2025 conf\u00e9rence suppl\u00e9mentaire :<\/strong> \u00ab<em> Th\u00e9ophile Berlier : itin\u00e9raire d\u2019un l\u00e9giste sous la R\u00e9volution et l\u2019Empire \u00bb, Hubert De Vauplane, avocat et professeur \u00e0 Sciences Po Paris.<\/em><\/p>\n<p><strong>Mercredi 12 novembre 2025 :<\/strong>\u00ab\u00a0<em>Mercredi 19 novembre 2025 conf\u00e9rence suppl\u00e9mentaire : \u00ab La c\u00e9leste Odyss\u00e9e de la gravit\u00e9 \u00bb par Karine Senez, autrice.<\/em><\/p>\n<p><strong>Mercredi 10 d\u00e9cembre 2025 :<\/strong> \u00ab Jules Pascal, un Trigan\u00e7ois dans la tourmente 1914-1918\u00bb par Gilbert Suzan podologue (e.r), conseiller municipal \u00e0 Trigance, membre de la Soci\u00e9t\u00e9 d\u2019Etudes.<\/p>\n<p><strong>Mercredi 14 janvier 2026 :<\/strong> \u00ab <em>Le pont Vieux de Trans-en-Provence \u00bb Par Robert Chabert, membre de la Soci\u00e9t\u00e9 d\u2019\u00c9tudes.<\/em><\/p>\n<p><strong>Mercredi 11 f\u00e9vrier 2026 :<\/strong> <em>\u00ab A la recherche de la ville sous la ville, ce que nous apprend l&rsquo;\u00e9tude des caves du centre ancien sur Fr\u00e9jus. \u00bb par Mme H\u00e9l\u00e8ne Garcia, Arch\u00e9ologue et Responsable d&rsquo;op\u00e9rations arch\u00e9ologiques pour la ville de Fr\u00e9jus.<\/em><\/p>\n<p><strong>Mercredi 11 mars 2026 :<\/strong> \u00ab<em> La for\u00eat m\u00e9diterran\u00e9enne face au changement climatique : risques et solutions \u00bb par M. Michel Vennetier, ing\u00e9nieur-chercheur retrait\u00e9 d\u2019INRAE.<\/em><\/p>\n<p><strong>Mercredi 08 avril 2026 :<\/strong> \u00ab Trois si\u00e8cles \u00e0 la forge: les Aubin, une famille de forgerons drac\u00e9nois sauv\u00e9e de l\u2019oubli \u00bb par M. Vincent Aubin, professeur de philosophie.<\/p>\n<p><strong>Mercredi 13 mai 2026<\/strong> ,<em> lieu de conf\u00e9rence MSJ Draguignan \u00e0 titre exceptionnel: \u00ab\u00a0De la Lib\u00e9ration \u00e0 la Victoire, la r\u00e9sistance au pouvoir dans le Var (ao\u00fbt 1944 \u2013 printemps 1945)\u00a0\u00bb par Jean-Marie Guillon, professeur des universit\u00e9s \u00e9m\u00e9rite, Universit\u00e9 d&rsquo;Aix-Marseille, UMR TELEMME.<\/em><\/p>\n<p><strong>Mercredi 10 juin 2026 :<\/strong> \u00ab<em> Le r\u00f4le m\u00e9connu de l\u2019\u00e9migration italienne dans la cr\u00e9ation de la Provence et de la C\u00f4te d\u2019Azur \u00bb par Denise Goss, Directrice litt\u00e9raire, journaliste (e.r), traductrice et \u00e9crivaine.<\/em><\/p>\n<p><strong>Les conf\u00e9rences ont lieu \u00e0 18 h au si\u00e8ge de la Soci\u00e9t\u00e9, entr\u00e9e libre.<\/strong><br \/><strong>Le secr\u00e9tariat est ouvert : mardi, jeudi, vendredi de 9h \u00e0 12h, mercredi de 14h00 \u00e0 18h00<\/strong><\/p>\n\n\n<p><\/p>\n","protected":false},"excerpt":{"rendered":"<p>Soci\u00e9t\u00e9 d\u2019\u00c9tudes Scientifiques et Arch\u00e9ologiques de Draguignan et du Var 21 All\u00e9es d\u2019Az\u00e9mar 83300 Draguignan Messagerie : societudesdraguignan@gmail.com Site : www.societe-etudes-draguignan.com T\u00e9l\u00e9phone : 04 94 68 38 32 Programme des conf\u00e9rences 2025-2026 Jeudi 18 septembre 2025 \u00e0 18 heures : &hellip; <a href=\"https:\/\/societe-etudes-draguignan.com\/?page_id=20\">Continuer la lecture <span class=\"meta-nav\">&rarr;<\/span><\/a><\/p>\n","protected":false},"author":1,"featured_media":0,"parent":0,"menu_order":2,"comment_status":"closed","ping_status":"closed","template":"","meta":{"footnotes":""},"class_list":["post-20","page","type-page","status-publish","hentry"],"_links":{"self":[{"href":"https:\/\/societe-etudes-draguignan.com\/index.php?rest_route=\/wp\/v2\/pages\/20","targetHints":{"allow":["GET"]}}],"collection":[{"href":"https:\/\/societe-etudes-draguignan.com\/index.php?rest_route=\/wp\/v2\/pages"}],"about":[{"href":"https:\/\/societe-etudes-draguignan.com\/index.php?rest_route=\/wp\/v2\/types\/page"}],"author":[{"embeddable":true,"href":"https:\/\/societe-etudes-draguignan.com\/index.php?rest_route=\/wp\/v2\/users\/1"}],"replies":[{"embeddable":true,"href":"https:\/\/societe-etudes-draguignan.com\/index.php?rest_route=%2Fwp%2Fv2%2Fcomments&post=20"}],"version-history":[{"count":11,"href":"https:\/\/societe-etudes-draguignan.com\/index.php?rest_route=\/wp\/v2\/pages\/20\/revisions"}],"predecessor-version":[{"id":1172,"href":"https:\/\/societe-etudes-draguignan.com\/index.php?rest_route=\/wp\/v2\/pages\/20\/revisions\/1172"}],"wp:attachment":[{"href":"https:\/\/societe-etudes-draguignan.com\/index.php?rest_route=%2Fwp%2Fv2%2Fmedia&parent=20"}],"curies":[{"name":"wp","href":"https:\/\/api.w.org\/{rel}","templated":true}]}}

Conférences

<p><strong>Société d’Études Scientifiques et Archéologiques de Draguignan et du Var</strong></p>
<p>21 Allées d’Azémar 83300 Draguignan</p>
<p><strong>Messagerie : </strong><a href="mailto:societudesdraguignan@wanadoo.frSite">societudesdraguignan@gmail.com <strong>Site </strong></a><strong>: </strong><a href="http://www.societe-etudes-draguignan.com/">www.societe-etudes-draguignan.com</a></p>
<p><strong>Téléphone : 04 94 68 38 32</strong></p>
<p><strong>Programme des conférences 2025-2026</strong></p>
<p><strong>Jeudi 18 septembre 2025 à 18 heures :</strong> «: « Lancement des Journées Européennes du <em>Patrimoine des 20 et 21 septembre 2025 : présentation du Bulletin année 2025, tome LXI n.s. ». »</em></p>
<p><strong><em>.</em>Mercredi 08 octobre 2025 :</strong> <em>« Visites des Présidents de la République Française à Draguignan » par Jean-Daniel Santoni, conseiller municipal à Draguignan.</em></p>
<p><strong>Mercredi 29 octobre 2025 conférence supplémentaire :</strong> «<em> Théophile Berlier : itinéraire d’un légiste sous la Révolution et l’Empire », Hubert De Vauplane, avocat et professeur à Sciences Po Paris.</em></p>
<p><strong>Mercredi 12 novembre 2025 :</strong>« <em>Mercredi 19 novembre 2025 conférence supplémentaire : « La céleste Odyssée de la gravité » par Karine Senez, autrice.</em></p>
<p><strong>Mercredi 10 décembre 2025 :</strong> « Jules Pascal, un Trigançois dans la tourmente 1914-1918» par Gilbert Suzan podologue (e.r), conseiller municipal à Trigance, membre de la Société d’Etudes.</p>
<p><strong>Mercredi 14 janvier 2026 :</strong> « <em>Le pont Vieux de Trans-en-Provence » Par Robert Chabert, membre de la Société d’Études.</em></p>
<p><strong>Mercredi 11 février 2026 :</strong> <em>« A la recherche de la ville sous la ville, ce que nous apprend l&rsquo;étude des caves du centre ancien sur Fréjus. » par Mme Hélène Garcia, Archéologue et Responsable d&rsquo;opérations archéologiques pour la ville de Fréjus.</em></p>
<p><strong>Mercredi 11 mars 2026 :</strong> «<em> La forêt méditerranéenne face au changement climatique : risques et solutions » par M. Michel Vennetier, ingénieur-chercheur retraité d’INRAE.</em></p>
<p><strong>Mercredi 08 avril 2026 :</strong> « Trois siècles à la forge: les Aubin, une famille de forgerons dracénois sauvée de l’oubli » par M. Vincent Aubin, professeur de philosophie.</p>
<p><strong>Mercredi 13 mai 2026</strong> ,<em> lieu de conférence MSJ Draguignan à titre exceptionnel: « De la Libération à la Victoire, la résistance au pouvoir dans le Var (août 1944 – printemps 1945) » par Jean-Marie Guillon, professeur des universités émérite, Université d&rsquo;Aix-Marseille, UMR TELEMME.</em></p>
<p><strong>Mercredi 10 juin 2026 :</strong> «<em> Le rôle méconnu de l’émigration italienne dans la création de la Provence et de la Côte d’Azur » par Denise Goss, Directrice littéraire, journaliste (e.r), traductrice et écrivaine.</em></p>
<p><strong>Les conférences ont lieu à 18 h au siège de la Société, entrée libre.</strong><br /><strong>Le secrétariat est ouvert : mardi, jeudi, vendredi de 9h à 12h, mercredi de 14h00 à 18h00</strong></p>


<p></p>

<p>Société d’Études Scientifiques et Archéologiques de Draguignan et du Var 21 Allées d’Azémar 83300 Draguignan Messagerie : societudesdraguignan@gmail.com Site : www.societe-etudes-draguignan.com Téléphone : 04 94 68 38 32 Programme des conférences 2025-2026 Jeudi 18 septembre 2025 à 18 heures : &hellip; <a href="https://societe-etudes-draguignan.com/?page_id=20">Continuer la lecture <span class="meta-nav">&rarr;</span></a></p>
